 33*l**2 + 90*l + 28. Determine d(29).
-726
Let b(d) = -477*d - 50548. Calculate b(-106).
14
Let o(v) = 7*v**2 - 229*v + 1794. Give o(14).
-40
Let s(z) = 12933*z + 142284. Determine s(-11).
21
Let l(t) = 2643*t + 23753. Determine l(-9).
-34
Let k(y) = y**3 - 106*y**2 - 138*y + 3418. Determine k(107).
101
Let v(x) = 2*x**3 + 9*x**2 + 2*x + 235. Calculate v(-9).
-512
Let w(c) = c**2 + 635*c - 893. What is w(0)?
-893
Let m(o) = 8932*o - 187787. What is m(21)?
-215
Let o(q) = -215*q**2 - 27307*q - 244. Give o(-127).
10
Let i(c) = -c**3 + 32*c**2 - 229*c - 112. Give i(13).
122
Let h(r) = -2*r**2 - 265*r - 8590. Calculate h(-60).
110
Let j(q) = -2285*q + 212. What is j(0)?
212
Let n(m) = -m**3 + 56*m**2 + 166*m - 8. Calculate n(-3).
25
Let m(w) = 2*w**2 + 788*w - 6383. Determine m(8).
49
Let q(h) = -22891*h - 137361. Determine q(-6).
-15
Let y(f) = -87*f + 8678. Determine y(102).
-196
Let k(g) = -33*g**2 - 11156*g - 687. What is k(-338)?
-11
Let h(r) = 2*r**3 - 261*r**2 + 1146*r - 1540. What is h(126)?
-28
Let h(s) = -6*s**2 - 22934*s + 484254. What is h(21)?
-6
Let i(k) = 12*k**2 + 1427*k + 881. Determine i(-118).
-417
Let i(c) = 2710*c + 59730. What is i(-22)?
110
Let p(h) = 1378*h**2 - 4017*h - 2. Calculate p(3).
349
Let y(o) = -757*o + 9713. What is y(17)?
-3156
Let c(q) = -34795*q - 209386. Give c(-6).
-616
Let v(p) = 1101*p + 58329. Calculate v(-53).
-24
Let v(g) = -211*g**3 - 1267*g**2 + 2512*g + 15107. Determine v(-6).
-1
Let q(k) = -23*k**3 - 4948*k**2 - 616*k + 6247. Give q(-215).
12
Let j(h) = 90*h - 1025. Give j(17).
505
Let z(r) = 103*r**3 - 2*r**2 + 861*r - 2592. Determine z(3).
2754
Let z(g) = 3*g**3 - 295*g**2 - 104690*g - 267. Determine z(-144).
21
Let v(n) = -n**3 + 473*n**2 - 87*n + 41164. What is v(473)?
13
Let i(u) = -63*u**2 - 780*u - 1498. Give i(-10).
2
Let a(l) = -12466*l - 75583. What is a(-6)?
-787
Let j(r) = 2*r**3 + 51*r**2 + 355*r + 247. Determine j(-6).
-479
Let r(c) = 35*c**2 - 2039*c - 14219. What is r(-7)?
1769
Let u(b) = 11*b**2 + 513*b + 140. Give u(-47).
328
Let f(b) = 90*b**3 + 5764*b**2 + 256*b + 31. Determine f(-64).
31
Let c(w) = 5*w**3 - 28*w**2 + 31189*w - 187175. Calculate c(6).
31
Let m(r) = 1202*r + 7333. Determine m(-6).
121
Let o(h) = -3*h**2 + 2322*h - 40825. Calculate o(18).
-1
Let h(y) = 4*y**2 - 344*y - 2132. Give h(-6).
76
Let j(u) = 2*u**2 - 389*u + 6007. What is j(178)?
133
Let x(t) = t**3 + 2*t**2 - 355*t - 9. What is x(0)?
-9
Let a(c) = -259*c**2 - 2293*c + 5. Give a(0).
5
Let h(r) = 1153*r + 37957. Determine h(-33).
-92
Let w(g) = -5*g**3 + 24*g**2 - 710*g + 4481. What is w(6)?
5
Let b(p) = -28360*p**2 - 170164*p - 27. Give b(-6).
-3
Let n(a) = 537*a + 1526. Give n(6).
4748
Let j(b) = -400*b - 7536. Determine j(-17).
-736
Let x(d) = -d**3 - 25*d**2 + 199*d + 3047. Determine x(-28).
-173
Let q(c) = -c**2 - 12*c + 2714. Give q(-59).
-59
Let r(p) = -8469*p - 33874. Give r(-4).
2
Let s(f) = -2*f**3 + 23*f**2 + 869*f + 2364. Give s(-3).
18
Let p(t) = -t**3 + 61*t**2 + 252*t + 333. Calculate p(65).
-187
Let g(d) = -787*d + 25853. What is g(33)?
-118
Let q(b) = b**3 + 14*b**2 - 157*b - 201. Give q(-21).
9
Let a(d) = 2*d**3 + 360*d**2 - 1100*d - 361. Calculate a(-183).
5
Let o(s) = -14*s**3 - 155*s**2 - 165*s - 160. Give o(-10).
-10
Let i(a) = 114*a**2 + 2730*a + 182. Calculate i(-24).
326
Let f(m) = -8*m**3 - 320*m**2 - 2301*m - 77568. Give f(-39).
3
Let c(m) = -m**3 + 204*m**2 - 9926*m + 500. Give c(80).
20
Let f(z) = -10*z**2 - 1961*z + 7956. Give f(4).
-48
Let d(t) = -t**2 - 21*t + 790. Determine d(-46).
-360
Let i(s) = 1175636*s - 1175556. Determine i(1).
80
Let m(s) = 4*s**2 - 134*s - 10066. Determine m(-36).
-58
Let t(i) = 22*i**2 + 202*i + 524. Determine t(-3).
116
Let q(c) = c**3 - 17*c**2 - 78*c + 1477. Calculate q(10).
-3
Let q(j) = 2698*j - 60486. Determine q(22).
-1130
Let q(r) = 2*r**3 + 364*r**2 - 1498*r - 1809. What is q(-186)?
51
Let f(t) = -136*t - 17980. Determine f(-137).
652
Let i(f) = -66043*f + 528316. Give i(8).
-28
Let q(v) = v**3 + 41*v**2 - 704*v - 27871. Determine q(-42).
-67
Let l(q) = 36025*q + 36079. What is l(-1)?
54
Let l(b) = b**3 - 2*b**2 - 37*b + 315. Calculate l(0).
315
Let i(r) = -30916*r - 30945. Give i(-1).
-29
Let r(t) = -213*t**2 + 4423*t + 1044. Calculate r(21).
-6
Let f(y) = 39*y + 1708. Calculate f(-71).
-1061
Let s(d) = -1292*d + 27196. Give s(21).
64
Let m(k) = 20271*k + 1337884. Calculate m(-66).
-2
Let h(d) = 3*d**3 + 907*d**2 + 13246*d + 12615. Give h(-287).
-13
Let q(r) = 582*r - 12023. Determine q(21).
199
Let c(v) = -19075*v - 362411. Determine c(-19).
14
Let n(x) = -1319*x - 6587. Determine n(-5).
8
Let x(p) = 216*p**2 - 70*p + 232. Determine x(3).
1966
Let y(m) = m**3 - 14*m**2 - 612*m - 2430. Determine y(34).
-118
Let y(t) = 50725*t - 50718. Give y(1).
7
Let n(i) = 5330*i + 21247. Give n(-4).
-73
Let b(l) = 2*l**3 + 1443*l**2 + 687*l - 24551. Determine b(-721).
-37
Let s(i) = -i**3 - 13*i**2 - 42*i - 379. What is s(-10)?
-259
Let g(k) = 2*k**3 - 563*k**2 - 272*k + 2937. Give g(282).
5757
Let b(h) = 5661*h + 56601. Calculate b(-10).
-9
Let h(w) = -12*w**3 + 194*w**2 + 974*w + 17. Give h(-5).
1497
Let a(g) = -2*g**3 + 230*g**2 + 76*g - 6154. Determine a(115).
2586
Let c(w) = 4272*w + 98606. Calculate c(-23).
350
Let h(g) = 403*g - 48474. What is h(120)?
-114
Let b(k) = 198676*k - 10132462. Give b(51).
14
Let t(z) = 3*z**3 - 89*z**2 + 206*z + 284. Give t(27).
14
Let v(p) = p**2 + 200747*p + 1806668. Calculate v(-9).
26
Let f(o) = -o**3 - 28*o**2 - 105*o - 1308. What is f(-26)?
70
Let z(j) = 10342*j + 30852. What is z(-3)?
-174
Let m(x) = -5*x**2 + 575*x + 2969. What is m(-5)?
-31
Let v(z) = -19*z**3 + 16*z**2 - 104*z - 31. Give v(5).
-2526
Let a(f) = -96163*f - 384638. Calculate a(-4).
14
Let d(g) = -5*g + 657. Determine d(107).
122
Let n(w) = 399*w + 8375. Calculate n(-21).
-4
Let o(w) = 4*w**3 + 151*w**2 + 375*w - 337. Give o(-35).
13
Let j(s) = 4*s**2 - 83*s - 2580. Give j(-17).
-13
Let o(g) = -g**2 + 886*g + 6089. Give o(-7).
-162
Let o(a) = -77*a**2 - 4729*a - 6461. Calculate o(-60).
79
Let h(n) = -n**3 + 388*n**2 + 2363*n + 412. Calculate h(394).
18
Let v(t) = 1490*t - 13152. Give v(9).
258
Let q(p) = -p**3 - 30*p**2 - 38*p + 63. Calculate q(-27).
-1098
Let z(t) = -3*t**2 - 947*t - 74349. What is z(-147)?
33
Let c(q) = 4120*q - 57683. Calculate c(14).
-3
Let b(k) = 246*k**2 - 1052*k - 1045. Determine b(-1).
253
Let y(o) = 23*o**3 - 17*o**2 - 1226*o + 2447. What is y(2)?
111
Let g(p) = -359094*p + 10054641. Determine g(28).
9
Let c(u) = 2*u**2 + 452*u - 68631. Give c(104).
9
Let r(m) = 32*m**2 + 1200*m - 22027. Determine r(-51).
5
Let h(v) = 6782*v + 1668366. What is h(-246)?
-6
Let j(i) = 3*i**2 + 461*i - 3528. What is j(-161)?
14
Let n(l) = -36479*l - 3429024. What is n(-94)?
2
Let o(l) = -l**2 + 183191*l + 1099122. What is o(-6)?
-60
Let m(d) = -d**3 + 28*d**2 + 90*d - 1043. Determine m(29).
726
Let p(v) = -v**3 + 42*v**2 - 3964*v + 160864. Determine p(41).
21
Let o(w) = w**2 + 523*w + 67945. Calculate o(-283).
25
Let y(g) = 8*g**2 + 48*g - 65. What is y(-6)?
-65
Let q(a) = a**2 + 60515*a - 605229. Determine q(10).
21
Let a(u) = -4*u**3 - 29*u**2 - 95*u + 22. Determine a(-4).
194
Let t(c) = -20*c**3 + 16*c**2 - 13*c + 19. Give t(2).
-103
Let h(g) = -3829*g + 371489. What is h(97)?
76
Let o(k) = 2*k**3 - 19*k**2 + 65*k - 773. Determine o(10).
-23
Let k(g) = -g**3 + 48*g**2 + 159*g + 42. Give k(51).
348
Let s(y) = 21*y**2 + 7272*y + 2105. Calculate s(-346).
29
Let z(y) = -y**2 - 3366*y + 67720. Give z(20).
0
Let z(k) = 118*k**2 + 37*k + 16. Give z(-1).
97
Let t(m) = 3074*m - 123760. Determine t(41).
2274
Let o(q) = -40*q**2 + 3714*q - 12. Give o(92).
3116
Let p(k) = -16*k**3 + 39*k**2 + 20*k + 9. Determine p(3).
-12
Let z(q) = -190*q + 12730. Calculate z(63).
760
Let g(j) = 60613*j + 363633. Calculate g(-6).
-45
Let z(c) = -101*c - 10175. Give z(-103).
228
Let q(c) = c**3 + 127*c**2 - 2958*c + 370. Calculate q(20).
10
Let c(o) = o**3 - 14*o**2 + 594*o - 3330. Calculate c(6).
-54
Let h(s) = -s**2 + 4908*s + 34375. Give h(-7).
-30
Let b(q) = 7*q**2 + 183*q - 1081. Give b(6).
269
Let u(m) = 169*m**3 - 1362*m**2 + 92*m - 103. Give u(8).
-7
Let j(n) = -352*n**2 + 69345*n - 237. Determine j(197).
-40
Let s(g) = -90*g**2 + 1167*g + 60. Determin